 (-3)/r is divided by 3.
1
Suppose -808 = -14*p + 340. Let r = -11 - -25. Calculate the remainder when p is divided by r.
12
Let m = -688 - -705. What is the remainder when 508 is divided by m?
15
Let b(l) = 20*l - 21. Let u(d) = 9*d - 10. Let k(f) = 2*b(f) - 5*u(f). Calculate the remainder when 109 is divided by k(-6).
33
Suppose -4*i = -36 + 28. Calculate the remainder when 13 is divided by i.
1
Let b(p) = 34*p**2 - p - 1. Let g be b(-1). Let j = g - -24. Calculate the remainder when j is divided by 32.
26
Let j(a) = -a**3 + 18*a**2 + 7*a + 12. Calculate the remainder when j(18) is divided by 28.
26
Suppose -4*c + 32 = 12. Suppose c*z + 3 = -617. What is the remainder when 5 + -2 + z/(-2) is divided by 17?
14
Let c(m) = 95*m**2. Let h be 15/(-12) + 1/4. Calculate the remainder when c(h) is divided by 16.
15
Let c be -2 - -3 - -14 - (-16)/(-8). Let r = 15 - c. Calculate the remainder when 2 is divided by r.
0
Suppose z + 811 = 3*n, -10*z = -5*n - 15*z + 1325. What is the remainder when n is divided by 71?
56
Let v = 145 - 111. Suppose -467 = -4*m + 69. Calculate the remainder when m is divided by v.
32
Suppose 5*m - 191 = -4*w + 11, -5*w + 15 = 0. Let r = -5 + m. What is the remainder when r is divided by 12?
9
Let d(r) = r**2 + 8*r - 334. Suppose 3*x = 3*u - 126, -3*x = -u + x + 45. Calculate the remainder when u is divided by d(-23).
8
Let n(u) = 8*u - 27. Suppose 0 = -3*m - 6036 - 474. Calculate the remainder when m/(-56) - (-1)/4 is divided by n(6).
18
Suppose 3*v - 22 - 716 = 0. What is the remainder when v is divided by 31?
29
Let m = 150 - 166. What is the remainder when 24 is divided by (-36)/m*-2*-2?
6
Let t = 4 - 1. Suppose -t*c + 30 = -5*u - 174, 0 = 2*c + u - 149. Let y(x) = -2*x**3 - 19*x**2 + 9*x + 9. Calculate the remainder when c is divided by y(-10).
16
Suppose b - 2*y + 3 = y, b - 5 = -5*y. What is the remainder when 67 is divided by b + 15 - (3 + -5)?
16
Suppose 5*k - 4*y + 2 + 4 = 0, -2*k = -4*y + 12. Let u be k/5 - 369/(-15). Let j = 28 - u. Calculate the remainder when 3 is divided by j.
0
Let u(m) = 17*m - 712. Let c(i) = i**2 + 7*i + 8. Let g be c(-6). Suppose -g*b = 7 - 21. What is the remainder when b is divided by u(42)?
1
Let v(s) = -7*s**2 - 25*s + 17. Let p(g) = 4*g**2 + 13*g - 8. Let i(m) = -5*p(m) - 3*v(m). Calculate the remainder when 45 is divided by i(-12).
6
Let x = 14 + -10. Let h be (2 - x) + (-7 - -46). Suppose -3*r + 83 = m, -r + 0*r - 5*m = -h. Calculate the remainder when r is divided by 7.
6
Suppose -a + 286 = 222. Calculate the remainder when a is divided by 55.
9
Let w(s) = -s**2 - 13*s - 14. Let g be w(-12). Let i(z) = z**2 - z - 2. What is the remainder when i(6) is divided by -15*(2/g - 0)?
13
Suppose -n + 64 = 5*s, 4*s = -n + s + 60. What is the remainder when n is divided by 4?
2
Let y = 660 + -632. Calculate the remainder when y is divided by 4.
0
Let w(k) = -k**2 - 29*k - 2. Calculate the remainder when w(-7) is divided by 76.
0
Suppose -5*p + 21 = -4. Let l(m) = -1504*m - 10502. Calculate the remainder when l(-7) is divided by p.
1
Suppose 0 = -4*o + 60 - 16. Suppose -7*q = -4*q. Calculate the remainder when (q - 1)/(2/(-82)) is divided by o.
8
Calculate the remainder when 721 is divided by 10/(-5) - (-162)/6.
21
Suppose -2*a = -4*b - 48, 2*a + b - 60 = -2*a. Suppose -3*u + 286 = 100. What is the remainder when u is divided by a?
14
Let u(k) = -2*k - 2. Suppose -3*n - 2*p = -17, 0 = 6*n - 9*n + 2*p + 25. What is the remainder when u(-6) is divided by n?
3
Let j = -363 + 132. What is the remainder when (-12 + 13)*j/(-3) is divided by 40?
37
Let l = 23 - 12. Suppose -5*j - 5*r = -35, -2*j = -j + 5*r - 23. What is the remainder when l is divided by j?
2
Suppose 4*i - 68 = -2*v, -98 = -5*i - 37*v + 41*v. What is the remainder when 208 is divided by i?
10
What is the remainder when 24/13 + -2 + (-951)/(-13) is divided by 37?
36
Suppose 0 = 3*j + 399 + 198. Let f = j - -352. Calculate the remainder when f is divided by 6/5*325/10.
36
Suppose 0*m = 6*m - 180. Calculate the remainder when m is divided by 12.
6
Suppose 6*k = 277 - 139. Calculate the remainder when 74 is divided by k.
5
Suppose 30 - 6 = -b. Let i = b + 36. Calculate the remainder when 88 is divided by (i/(-14))/(3/(-63)).
16
Let f = -5 - -8. Suppose -3*a + a - 3*m + 16 = 0, -f*m = a - 14. Suppose 52 = 4*d - 4*g, a*d - g + 3*g = 30. What is the remainder when 27 is divided by d?
13
Calculate the remainder when -2 + 1 + 16 + (-1 - 7) is divided by 1.
0
Suppose -51 = u - 67. Calculate the remainder when 58 is divided by u.
10
Suppose -5*m - 3*q - 163 = -10*m, 0 = -5*m - 3*q + 157. Suppose 34 = -0*d + 2*d. Calculate the remainder when m is divided by d.
15
Let a(h) = -h**3 - 2*h**2 - 4*h. Suppose 2*p = 4*x + 16, 2 - 12 = x - 2*p. What is the remainder when 45 is divided by a(x)?
5
Suppose -3*b + 90 = 3*o - 6*b, 5 = b. Calculate the remainder when 417 is divided by o.
32
Let v(x) = 24 - x - 28 + 15. What is the remainder when 76 is divided by v(0)?
10
Let f(a) = a**3 - 30*a**2 + a + 63. What is the remainder when f(30) is divided by 26?
15
Suppose t - 20 + 4 = -5*z, -t = -3*z + 16. Suppose -3*g = -z*g + 13. What is the remainder when 64 is divided by g?
12
Let y(m) = m**3 - 12*m**2 + 35*m - 6. What is the remainder when 99 is divided by y(8)?
9
Calculate the remainder when 90/135*282/4 is divided by 12.
11
Suppose 2*z = -i + 3*i - 68, -82 = -3*i - 2*z. Calculate the remainder when (-5)/(-2)*636/i is divided by (-6)/4*56/(-6).
11
Suppose 5*u = 2*z + 1, 4*z = 2*z - 4*u + 44. Calculate the remainder when 46 is divided by z.
10
Calculate the remainder when 39*(-2)/(-12)*(7 - 1) is divided by 12.
3
Suppose 2 = 5*y - 18. Let m(i) = i**3 - 5*i**2 + 3*i - 3. Let t be m(4). Let h(x) = x**3 + 7*x**2 - x - 4. What is the remainder when y is divided by h(t)?
1
Suppose 0 = -2*y + 3 + 21. Suppose -4*p = -6*p - y. Let f = 15 + p. What is the remainder when 15 is divided by f?
6
Let a(t) = 9*t + 1. Suppose 0 = 5*s + 112 - 292. What is the remainder when s is divided by a(2)?
17
Let b = 36 + -13. Let a = 12 - 7. What is the remainder when b is divided by 5*(0 - (-8)/a)?
7
Let u(b) be the second derivative of b**5/20 + b**4/6 + b**3/3 - 3*b**2/2 - b. Calculate the remainder when u(2) is divided by 3 + (1 - -5 - -1).
7
Let p = -77 + 99. Calculate the remainder when 36 is divided by p.
14
Let b = -71 + 78. Suppose 0 = -2*p - 4*v + 58, -4*v = 3*p - 0*v - 91. Calculate the remainder when p is divided by b.
5
What is the remainder when 2/14 - (214920/(-70))/12 is divided by 26?
22
Let i = -105 + 109. Calculate the remainder when 21 is divided by i.
1
Suppose -v = 1457 - 301. Let b be v/(-12) - 3/9. Let p = b - 63. Calculate the remainder when 96 is divided by p.
30
Let k(a) = a - 8. Let q be k(7). Let z be 9*4/6*q. Let n(c) = -3*c - 1. What is the remainder when 31 is divided by n(z)?
14
Let m = -970 + 1025. Calculate the remainder when 109 is divided by m.
54
Let q = 17 - -63. Let d = 40 - 27. Calculate the remainder when d is divided by (16/(-10))/((-16)/q).
5
Let z = -70 - -102. Suppose -5*m - 56 = 3*k + 40, -2*k + 14 = -m. Let x = z + m. Calculate the remainder when 27 is divided by x.
13
Suppose -v + 1260 = -8*v. What is the remainder when ((-72)/(-15))/((-27)/v) is divided by 6?
2
Let w(p) = -38*p**3 + p**2 - 3*p - 1. Let j be w(-2). Suppose 4*v - 2*x - 440 = -3*x, 3*v = -5*x + j. Calculate the remainder when v is divided by 14.
13
Let g = -10 - -20. Suppose 2*u = -4*w + 68, 4*w - 36 = -5*u + 146. Calculate the remainder when u is divided by g.
8
Suppose -3*h - 3 = 0, a = 5*h + 34 + 71. Calculate the remainder when a is divided by 20.
0
Suppose -7 + 111 = 13*i. Calculate the remainder when 28 is divided by i.
4
Let d(r) = -r**3 + 5*r**2 + 8*r - 2. Let k(w) = -w - 18. Let x be k(13). Let b = x + 49. Calculate the remainder when b is divided by d(6).
8
Let p be 4/(24/(-30))*-31. Let b = -150 + p. Calculate the remainder when b is divided by 4.
1
Suppose -5*w + 380 = 5*g, -7*g - 148 = -2*w - 10*g. What is the remainder when 477 is divided by w?
77
Let d = -140 - -379. Calculate the remainder when d is divided by 40.
39
Suppose 11*x - 35 = 9*x + y, x = -3*y + 7. What is the remainder when 49 is divided by x?
1
Let z = -101 + 102. Suppose 4*s = 3*h - 43, 